{"id":776,"date":"2026-03-26T08:32:04","date_gmt":"2026-03-26T08:32:04","guid":{"rendered":"https:\/\/xusongotngao.azdigi.shop\/?post_type=product&#038;p=776"},"modified":"2026-03-26T08:33:14","modified_gmt":"2026-03-26T08:33:14","slug":"me-dai-han-quoc","status":"publish","type":"product","link":"https:\/\/xusongotngao.azdigi.shop\/?product=me-dai-han-quoc","title":{"rendered":"M\u00e8 Dai H\u00e0n Qu\u1ed1c"},"content":{"rendered":"<h3>M\u00e8 Dai H\u00e0n Qu\u1ed1c \u2013 D\u1ebbo Dai, B\u00f9i B\u00e9o<\/h3>\n<p data-start=\"265\" data-end=\"355\">M\u00e8 dai H\u00e0n Qu\u1ed1c l\u00e0 m\u00f3n \u0103n v\u1eb7t quen thu\u1ed9c.<br data-start=\"306\" data-end=\"309\" \/>M\u00f3n n\u00e0y n\u1ed5i b\u1eadt v\u1edbi \u0111\u1ed9 d\u1ebbo v\u00e0 dai \u0111\u1eb7c tr\u01b0ng.<\/p>\n<p data-start=\"357\" data-end=\"448\">Nguy\u00ean li\u1ec7u ch\u00ednh g\u1ed3m m\u00e8 rang v\u00e0 m\u1ea1ch nha.<br data-start=\"399\" data-end=\"402\" \/>H\u1ed7n h\u1ee3p \u0111\u01b0\u1ee3c n\u1ea5u d\u1ebbo r\u1ed3i \u00e9p th\u00e0nh mi\u1ebfng nh\u1ecf.<\/p>\n<p data-start=\"450\" data-end=\"565\">Khi \u0103n, b\u1ea1n s\u1ebd c\u1ea3m nh\u1eadn r\u00f5 \u0111\u1ed9 dai.<br data-start=\"484\" data-end=\"487\" \/>Mi\u1ebfng m\u00e8 c\u00f3 th\u1ec3 k\u00e9o nh\u1eb9 m\u00e0 kh\u00f4ng v\u1ee1.<br data-start=\"523\" data-end=\"526\" \/>\u0110\u00e2y l\u00e0 \u0111i\u1ec3m kh\u00e1c bi\u1ec7t so v\u1edbi m\u00e8 gi\u00f2n.<\/p>\n<p data-start=\"567\" data-end=\"654\">V\u1ecb ng\u1ecdt nh\u1eb9 k\u1ebft h\u1ee3p m\u00e8 rang b\u00f9i b\u00e9o.<br data-start=\"603\" data-end=\"606\" \/>H\u01b0\u01a1ng th\u01a1m t\u1ef1 nhi\u00ean gi\u00fap m\u00f3n \u0103n d\u1ec5 g\u00e2y nghi\u1ec7n.<\/p>\n<p data-start=\"656\" data-end=\"738\">M\u00e8 dai ph\u00f9 h\u1ee3p \u0111\u1ec3 \u0103n v\u1eb7t m\u1ed7i ng\u00e0y.<br data-start=\"690\" data-end=\"693\" \/>B\u1ea1n c\u0169ng c\u00f3 th\u1ec3 d\u00f9ng l\u00e0m qu\u00e0 t\u1eb7ng ti\u1ec7n l\u1ee3i.<\/p>\n<p data-start=\"740\" data-end=\"793\">N\u1ebfu b\u1ea1n th\u00edch m\u00f3n ng\u1ecdt d\u1ebbo, \u0111\u00e2y l\u00e0 l\u1ef1a ch\u1ecdn h\u1ee3p l\u00fd.<\/p>\n","protected":false},"excerpt":{"rendered":"<p>M\u00e8 Dai H\u00e0n Qu\u1ed1c \u2013 D\u1ebbo Dai, B\u00f9i B\u00e9o M\u00e8 dai H\u00e0n Qu\u1ed1c l\u00e0 m\u00f3n \u0103n v\u1eb7t quen thu\u1ed9c.M\u00f3n n\u00e0y n\u1ed5i b\u1eadt v\u1edbi \u0111\u1ed9 d\u1ebbo v\u00e0 dai \u0111\u1eb7c tr\u01b0ng. Nguy\u00ean li\u1ec7u ch\u00ednh g\u1ed3m m\u00e8 rang v\u00e0 m\u1ea1ch nha.H\u1ed7n h\u1ee3p \u0111\u01b0\u1ee3c n\u1ea5u d\u1ebbo r\u1ed3i \u00e9p th\u00e0nh mi\u1ebfng nh\u1ecf. Khi \u0103n, b\u1ea1n s\u1ebd c\u1ea3m nh\u1eadn r\u00f5 \u0111\u1ed9 [&#8230;]\n","protected":false},"featured_media":777,"comment_status":"open","ping_status":"closed","template":"","meta":[],"product_brand":[20],"product_cat":[25],"product_tag":[],"class_list":{"0":"post-776","1":"product","2":"type-product","3":"status-publish","4":"has-post-thumbnail","6":"product_brand-candyland","7":"product_cat-banh-man-ngot","9":"first","10":"instock","11":"shipping-taxable","12":"purchasable","13":"product-type-variable"},"yoast_head":"<!-- This site is optimized with the Yoast SEO plugin v26.8 - https:\/\/yoast.com\/product\/yoast-seo-wordpress\/ -->\n<title>M\u00e8 Dai H\u00e0n Qu\u1ed1c - Candy Shop<\/title>\n<meta name=\"description\" content=\"M\u00e8 d\u1ebbo H\u00e0n Qu\u1ed1c th\u01a1m ngon v\u1edbi l\u1edbp m\u00e8 rang b\u00f9i b\u00e9o, d\u1ebbo m\u1ec1m, ng\u1ecdt nh\u1eb9, l\u00e0 m\u00f3n \u0103n v\u1eb7t truy\u1ec1n th\u1ed1ng \u0111\u01b0\u1ee3c nhi\u1ec1u ng\u01b0\u1eddi y\u00eau th\u00edch.\" \/>\n<meta name=\"robots\" content=\"noindex, follow, max-snippet:-1, max-image-preview:large, max-video-preview:-1\" \/>\n<meta property=\"og:locale\" content=\"vi_VN\" \/>\n<meta property=\"og:type\" content=\"article\" \/>\n<meta property=\"og:title\" content=\"M\u00e8 Dai H\u00e0n Qu\u1ed1c - Candy Shop\" \/>\n<meta property=\"og:description\" content=\"M\u00e8 d\u1ebbo H\u00e0n Qu\u1ed1c th\u01a1m ngon v\u1edbi l\u1edbp m\u00e8 rang b\u00f9i b\u00e9o, d\u1ebbo m\u1ec1m, ng\u1ecdt nh\u1eb9, l\u00e0 m\u00f3n \u0103n v\u1eb7t truy\u1ec1n th\u1ed1ng \u0111\u01b0\u1ee3c nhi\u1ec1u ng\u01b0\u1eddi y\u00eau th\u00edch.\" \/>\n<meta property=\"og:url\" content=\"https:\/\/xusongotngao.azdigi.shop\/?product=me-dai-han-quoc\" \/>\n<meta property=\"og:site_name\" content=\"Candy Shop\" \/>\n<meta property=\"article:modified_time\" content=\"2026-03-26T08:33:14+00:00\" \/>\n<meta property=\"og:image\" content=\"https:\/\/xusongotngao.azdigi.shop\/wp-content\/uploads\/2026\/03\/Screenshot-2026-03-26-152506.png\" \/>\n\t<meta property=\"og:image:width\" content=\"784\" \/>\n\t<meta property=\"og:image:height\" content=\"673\" \/>\n\t<meta property=\"og:image:type\" content=\"image\/png\" \/>\n<meta name=\"twitter:card\" content=\"summary_large_image\" \/>\n<meta name=\"twitter:label1\" content=\"\u01af\u1edbc t\u00ednh th\u1eddi gian \u0111\u1ecdc\" \/>\n\t<meta name=\"twitter:data1\" content=\"1 ph\u00fat\" \/>\n<script type=\"application\/ld+json\" class=\"yoast-schema-graph\">{\"@context\":\"https:\/\/schema.org\",\"@graph\":[{\"@type\":\"WebPage\",\"@id\":\"https:\/\/xusongotngao.azdigi.shop\/?product=me-dai-han-quoc\",\"url\":\"https:\/\/xusongotngao.azdigi.shop\/?product=me-dai-han-quoc\",\"name\":\"M\u00e8 Dai H\u00e0n Qu\u1ed1c - Candy Shop\",\"isPartOf\":{\"@id\":\"https:\/\/xusongotngao.azdigi.shop\/#website\"},\"primaryImageOfPage\":{\"@id\":\"https:\/\/xusongotngao.azdigi.shop\/?product=me-dai-han-quoc#primaryimage\"},\"image\":{\"@id\":\"https:\/\/xusongotngao.azdigi.shop\/?product=me-dai-han-quoc#primaryimage\"},\"thumbnailUrl\":\"https:\/\/xusongotngao.azdigi.shop\/wp-content\/uploads\/2026\/03\/Screenshot-2026-03-26-152506.png\",\"datePublished\":\"2026-03-26T08:32:04+00:00\",\"dateModified\":\"2026-03-26T08:33:14+00:00\",\"description\":\"M\u00e8 d\u1ebbo H\u00e0n Qu\u1ed1c th\u01a1m ngon v\u1edbi l\u1edbp m\u00e8 rang b\u00f9i b\u00e9o, d\u1ebbo m\u1ec1m, ng\u1ecdt nh\u1eb9, l\u00e0 m\u00f3n \u0103n v\u1eb7t truy\u1ec1n th\u1ed1ng \u0111\u01b0\u1ee3c nhi\u1ec1u ng\u01b0\u1eddi y\u00eau th\u00edch.\",\"breadcrumb\":{\"@id\":\"https:\/\/xusongotngao.azdigi.shop\/?product=me-dai-han-quoc#breadcrumb\"},\"inLanguage\":\"vi\",\"potentialAction\":[{\"@type\":\"ReadAction\",\"target\":[\"https:\/\/xusongotngao.azdigi.shop\/?product=me-dai-han-quoc\"]}]},{\"@type\":\"ImageObject\",\"inLanguage\":\"vi\",\"@id\":\"https:\/\/xusongotngao.azdigi.shop\/?product=me-dai-han-quoc#primaryimage\",\"url\":\"https:\/\/xusongotngao.azdigi.shop\/wp-content\/uploads\/2026\/03\/Screenshot-2026-03-26-152506.png\",\"contentUrl\":\"https:\/\/xusongotngao.azdigi.shop\/wp-content\/uploads\/2026\/03\/Screenshot-2026-03-26-152506.png\",\"width\":784,\"height\":673,\"caption\":\"m\u00e8 dai H\u00e0n Qu\u1ed1c d\u1ebbo m\u1ec1m\"},{\"@type\":\"BreadcrumbList\",\"@id\":\"https:\/\/xusongotngao.azdigi.shop\/?product=me-dai-han-quoc#breadcrumb\",\"itemListElement\":[{\"@type\":\"ListItem\",\"position\":1,\"name\":\"Trang ch\u1ee7\",\"item\":\"https:\/\/xusongotngao.azdigi.shop\/\"},{\"@type\":\"ListItem\",\"position\":2,\"name\":\"C\u1eeda h\u00e0ng\",\"item\":\"https:\/\/xusongotngao.azdigi.shop\/?page_id=506\"},{\"@type\":\"ListItem\",\"position\":3,\"name\":\"M\u00e8 Dai H\u00e0n Qu\u1ed1c\"}]},{\"@type\":\"WebSite\",\"@id\":\"https:\/\/xusongotngao.azdigi.shop\/#website\",\"url\":\"https:\/\/xusongotngao.azdigi.shop\/\",\"name\":\"Candy Shop\",\"description\":\"\",\"potentialAction\":[{\"@type\":\"SearchAction\",\"target\":{\"@type\":\"EntryPoint\",\"urlTemplate\":\"https:\/\/xusongotngao.azdigi.shop\/?s={search_term_string}\"},\"query-input\":{\"@type\":\"PropertyValueSpecification\",\"valueRequired\":true,\"valueName\":\"search_term_string\"}}],\"inLanguage\":\"vi\"}]}<\/script>\n<!-- \/ Yoast SEO plugin. -->","yoast_head_json":{"title":"M\u00e8 Dai H\u00e0n Qu\u1ed1c - Candy Shop","description":"M\u00e8 d\u1ebbo H\u00e0n Qu\u1ed1c th\u01a1m ngon v\u1edbi l\u1edbp m\u00e8 rang b\u00f9i b\u00e9o, d\u1ebbo m\u1ec1m, ng\u1ecdt nh\u1eb9, l\u00e0 m\u00f3n \u0103n v\u1eb7t truy\u1ec1n th\u1ed1ng \u0111\u01b0\u1ee3c nhi\u1ec1u ng\u01b0\u1eddi y\u00eau th\u00edch.","robots":{"index":"noindex","follow":"follow","max-snippet":"max-snippet:-1","max-image-preview":"max-image-preview:large","max-video-preview":"max-video-preview:-1"},"og_locale":"vi_VN","og_type":"article","og_title":"M\u00e8 Dai H\u00e0n Qu\u1ed1c - Candy Shop","og_description":"M\u00e8 d\u1ebbo H\u00e0n Qu\u1ed1c th\u01a1m ngon v\u1edbi l\u1edbp m\u00e8 rang b\u00f9i b\u00e9o, d\u1ebbo m\u1ec1m, ng\u1ecdt nh\u1eb9, l\u00e0 m\u00f3n \u0103n v\u1eb7t truy\u1ec1n th\u1ed1ng \u0111\u01b0\u1ee3c nhi\u1ec1u ng\u01b0\u1eddi y\u00eau th\u00edch.","og_url":"https:\/\/xusongotngao.azdigi.shop\/?product=me-dai-han-quoc","og_site_name":"Candy Shop","article_modified_time":"2026-03-26T08:33:14+00:00","og_image":[{"width":784,"height":673,"url":"https:\/\/xusongotngao.azdigi.shop\/wp-content\/uploads\/2026\/03\/Screenshot-2026-03-26-152506.png","type":"image\/png"}],"twitter_card":"summary_large_image","twitter_misc":{"\u01af\u1edbc t\u00ednh th\u1eddi gian \u0111\u1ecdc":"1 ph\u00fat"},"schema":{"@context":"https:\/\/schema.org","@graph":[{"@type":"WebPage","@id":"https:\/\/xusongotngao.azdigi.shop\/?product=me-dai-han-quoc","url":"https:\/\/xusongotngao.azdigi.shop\/?product=me-dai-han-quoc","name":"M\u00e8 Dai H\u00e0n Qu\u1ed1c - Candy Shop","isPartOf":{"@id":"https:\/\/xusongotngao.azdigi.shop\/#website"},"primaryImageOfPage":{"@id":"https:\/\/xusongotngao.azdigi.shop\/?product=me-dai-han-quoc#primaryimage"},"image":{"@id":"https:\/\/xusongotngao.azdigi.shop\/?product=me-dai-han-quoc#primaryimage"},"thumbnailUrl":"https:\/\/xusongotngao.azdigi.shop\/wp-content\/uploads\/2026\/03\/Screenshot-2026-03-26-152506.png","datePublished":"2026-03-26T08:32:04+00:00","dateModified":"2026-03-26T08:33:14+00:00","description":"M\u00e8 d\u1ebbo H\u00e0n Qu\u1ed1c th\u01a1m ngon v\u1edbi l\u1edbp m\u00e8 rang b\u00f9i b\u00e9o, d\u1ebbo m\u1ec1m, ng\u1ecdt nh\u1eb9, l\u00e0 m\u00f3n \u0103n v\u1eb7t truy\u1ec1n th\u1ed1ng \u0111\u01b0\u1ee3c nhi\u1ec1u ng\u01b0\u1eddi y\u00eau th\u00edch.","breadcrumb":{"@id":"https:\/\/xusongotngao.azdigi.shop\/?product=me-dai-han-quoc#breadcrumb"},"inLanguage":"vi","potentialAction":[{"@type":"ReadAction","target":["https:\/\/xusongotngao.azdigi.shop\/?product=me-dai-han-quoc"]}]},{"@type":"ImageObject","inLanguage":"vi","@id":"https:\/\/xusongotngao.azdigi.shop\/?product=me-dai-han-quoc#primaryimage","url":"https:\/\/xusongotngao.azdigi.shop\/wp-content\/uploads\/2026\/03\/Screenshot-2026-03-26-152506.png","contentUrl":"https:\/\/xusongotngao.azdigi.shop\/wp-content\/uploads\/2026\/03\/Screenshot-2026-03-26-152506.png","width":784,"height":673,"caption":"m\u00e8 dai H\u00e0n Qu\u1ed1c d\u1ebbo m\u1ec1m"},{"@type":"BreadcrumbList","@id":"https:\/\/xusongotngao.azdigi.shop\/?product=me-dai-han-quoc#breadcrumb","itemListElement":[{"@type":"ListItem","position":1,"name":"Trang ch\u1ee7","item":"https:\/\/xusongotngao.azdigi.shop\/"},{"@type":"ListItem","position":2,"name":"C\u1eeda h\u00e0ng","item":"https:\/\/xusongotngao.azdigi.shop\/?page_id=506"},{"@type":"ListItem","position":3,"name":"M\u00e8 Dai H\u00e0n Qu\u1ed1c"}]},{"@type":"WebSite","@id":"https:\/\/xusongotngao.azdigi.shop\/#website","url":"https:\/\/xusongotngao.azdigi.shop\/","name":"Candy Shop","description":"","potentialAction":[{"@type":"SearchAction","target":{"@type":"EntryPoint","urlTemplate":"https:\/\/xusongotngao.azdigi.shop\/?s={search_term_string}"},"query-input":{"@type":"PropertyValueSpecification","valueRequired":true,"valueName":"search_term_string"}}],"inLanguage":"vi"}]}},"_links":{"self":[{"href":"https:\/\/xusongotngao.azdigi.shop\/index.php?rest_route=\/wp\/v2\/product\/776","targetHints":{"allow":["GET"]}}],"collection":[{"href":"https:\/\/xusongotngao.azdigi.shop\/index.php?rest_route=\/wp\/v2\/product"}],"about":[{"href":"https:\/\/xusongotngao.azdigi.shop\/index.php?rest_route=\/wp\/v2\/types\/product"}],"replies":[{"embeddable":true,"href":"https:\/\/xusongotngao.azdigi.shop\/index.php?rest_route=%2Fwp%2Fv2%2Fcomments&post=776"}],"wp:featuredmedia":[{"embeddable":true,"href":"https:\/\/xusongotngao.azdigi.shop\/index.php?rest_route=\/wp\/v2\/media\/777"}],"wp:attachment":[{"href":"https:\/\/xusongotngao.azdigi.shop\/index.php?rest_route=%2Fwp%2Fv2%2Fmedia&parent=776"}],"wp:term":[{"taxonomy":"product_brand","embeddable":true,"href":"https:\/\/xusongotngao.azdigi.shop\/index.php?rest_route=%2Fwp%2Fv2%2Fproduct_brand&post=776"},{"taxonomy":"product_cat","embeddable":true,"href":"https:\/\/xusongotngao.azdigi.shop\/index.php?rest_route=%2Fwp%2Fv2%2Fproduct_cat&post=776"},{"taxonomy":"product_tag","embeddable":true,"href":"https:\/\/xusongotngao.azdigi.shop\/index.php?rest_route=%2Fwp%2Fv2%2Fproduct_tag&post=776"}],"curies":[{"name":"wp","href":"https:\/\/api.w.org\/{rel}","templated":true}]}}